uppose 27*a - 9*a = 198. Suppose 3*h + 74 = 4*h. What is the remainder when h is divided by a?
8
Suppose -108 = -2*i + 6*g - g, 0 = 2*i + 5*g - 108. What is the remainder when 97 is divided by i?
43
Suppose 17*j - 580 = -19. Calculate the remainder when j is divided by 19.
14
Suppose -5*g + 20 = 0, 2*g = 2*f - 2*g - 34. What is the remainder when f is divided by 14?
11
Let y = 1 - 0. Let k be 0 - -2 - 0/25. Suppose 1 + y = -s, 4*s = -k*i + 188. What is the remainder when i is divided by 33?
32
Suppose -8 = -4*q + 4. Suppose q = 2*k - 5. Suppose 140*f - 19*f = 484. What is the remainder when k is divided by f?
0
Let c be (51/(-34))/(1/(-58)). Suppose -c + 27 = -2*p. Calculate the remainder when p is divided by 11.
8
Let s(v) = 3*v**2 + 30*v. Calculate the remainder when s(-12) is divided by 20.
12
What is the remainder when (-44)/(-55)*405/2 is divided by 55?
52
Let v = -9 + 79. Suppose v = 5*m - 65. Suppose -d + 27 = 4*w, 0 = -2*w - 2*d + 36 - 12. Calculate the remainder when m is divided by w.
2
Let z = -427 - -452. Calculate the remainder when 49 is divided by z.
24
Let s(q) = -q**3 - 2*q**2 - 4*q. Suppose -6*k = -9*k + 117. What is the remainder when k is divided by s(-3)?
18
Let h = -74 - -433. What is the remainder when h is divided by 72?
71
Let l be ((-52)/(-14) - 2/(-7)) + -133. What is the remainder when l/(-9)*1*3 is divided by 19?
5
Let z(s) = 3*s**2 + 5*s + 4. Let h(c) = 513*c - 968. Calculate the remainder when h(2) is divided by z(-3).
10
Calculate the remainder when 217 - ((-120)/10)/(-4) is divided by 115.
99
Let o(x) = -x + 13. Let k = 42 + 58. Suppose -4*a + 0*a = -2*w - 150, -3*a - w = -k. What is the remainder when a is divided by o(0)?
9
Let s(l) = 9*l - 47. What is the remainder when 123 is divided by s(10)?
37
Suppose -w - 1 - 3 = 2*m, 0 = -2*w - 2*m - 2. Suppose -w*u = 11 - 39. What is the remainder when u is divided by 5?
4
Suppose -43*t = -46*t + 150. Let r be 1/(-4) - (-26)/8. Suppose -3*m + 4*m = 4*p - 69, r*p - t = -m. What is the remainder when 66 is divided by p?
15
Suppose 1343*j - 1315*j = 2772. Suppose v - 4*v = -5*c + 116, -3*v = 2*c - 59. Calculate the remainder when j is divided by c.
24
Let m be 20/(-4) - (-2)/4*6. Calculate the remainder when 318/5 + m - (-2)/5 is divided by (-166)/(-8) + 2/8.
20
Let p(o) = o**2 + 3*o - 14. What is the remainder when 278 is divided by p(-7)?
12
Suppose 0 = -3*c - 2*o - 0*o + 204, -c = o - 68. Suppose c + 57 = 5*x. What is the remainder when 146 is divided by x?
21
Suppose 4*b = -2*c - 2*c - 12, 0 = 3*c - 4*b + 2. Let m = c - -49. What is the remainder when m is divided by 1*14 + -2*1?
11
Let t be 29 + (8 + 1)/(-3). Let m be t/(-39) - 170/(-3). Calculate the remainder when (-12)/(-6) + -1 + m is divided by 15.
12
Let v(u) = -3*u + 1. Let a be ((3 - 5)/(-4))/(1/86). Let t = a + -36. Calculate the remainder when v(-3) is divided by t.
3
Let c = -26 + 38. Let f = -6 + c. Calculate the remainder when f/21 - (-150)/14 is divided by 3.
2
Let l(x) = x**3 - x. Let m(y) = 4*y**3 - 6*y**2 + 2*y - 2. Let h(o) = 3*l(o) - m(o). Let q = 10 + -6. What is the remainder when 55 is divided by h(q)?
13
Let k be 68/12 + (-2)/3. Suppose 3*r - 276 - 65 = k*j, -r - j + 127 = 0. What is the remainder when r is divided by 31?
29
Calculate the remainder when ((-137)/(-5))/(-4 + (-105)/(-25)) is divided by 28.
25
Let x(g) = g**3 + 6*g**2 + g - 7. Suppose -3*u - 2*z + 177 = -0*u, -2*u = 2*z - 116. What is the remainder when u is divided by x(-5)?
9
Let j(o) = o**3 - 8*o**2 + 13*o - 16. What is the remainder when 247 is divided by j(8)?
71
Suppose 8*s + 354 + 46 = 0. Suppose -2*b + 24 = 3*p, 39 + 1 = 5*p + 3*b. Calculate the remainder when 10/s + ((-396)/10)/(-3) is divided by p.
5
Let i = 32 + 10. Suppose 2*n + 5 + 31 = 0. What is the remainder when i is divided by 4/72*4 + (-266)/n?
12
Let w = -5 + 27. Let o = -18 + w. Suppose -130 + 30 = -o*x. What is the remainder when 73 is divided by x?
23
Let g(h) = -18*h - 111. Suppose -38 = -4*p - i, p - i = -0*p + 7. Calculate the remainder when g(-7) is divided by p.
6
Let b be (-1)/((-5)/2) - 5187/(-95). Let x = -16 + b. What is the remainder when x is divided by 14?
11
Suppose -4*f + z - 4*z = -81, -f = -2*z - 12. Calculate the remainder when 26 is divided by f.
8
Let x(c) = -c**2 - 3*c + 4. Let n be x(-3). Suppose 0 = -2*d + 2*k + 14, 0 = n*k - 0*k. What is the remainder when 22 is divided by d?
1
Suppose -1401 = 6*v - 1515. Calculate the remainder when 46 is divided by v.
8
Let u(y) = y + 6. Let z be u(-4). Suppose 3*h - z = 5*h + 2*g, 7 = 5*h + 2*g. Calculate the remainder when 29 is divided by (-8)/h*(-12)/4.
5
Let n(l) = -2*l + 11. Let a be n(6). Let d = -3 - a. What is the remainder when 71 is divided by (-9)/(-9)*(-36)/d?
17
Suppose 0 = 4*k + q - 223, 0*q + 3*q + 266 = 5*k. Suppose 14*r - 170 = 96. What is the remainder when k is divided by r?
17
Suppose -10 = -6*h + 2. Suppose -75 = -3*q - y + 20, -3*q - h*y = -91. Let m(d) = -2*d + 2. Calculate the remainder when q is divided by m(-5).
9
Suppose 3*k + 4*n = 26, -5*k + 2*k + 29 = n. Suppose -198 = -5*y + 122. What is the remainder when k is divided by (-4)/(-6) + y/12?
4
Let m(i) = i + 2. Let v(k) = -k - 1. Let c(h) = m(h) + 4*v(h). What is the remainder when 30 is divided by c(-2)?
2
Suppose -9*d + 4*d + 15 = 0. Suppose 3*u + 48 = 7*u. Suppose d*c - 6*c + u = 0. Calculate the remainder when 6 is divided by c.
2
Let u be (26/(-6))/(4/(-36)). Let l be (-6)/u + (-1876)/(-26). Suppose 4*q + 2*q = l. Calculate the remainder when 59 is divided by q.
11
Suppose 4*y + 10 = 9*y. Suppose 0 = -y*g - s + 2*s + 22, 44 = 4*g + s. What is the remainder when 38 is divided by g?
5
Let k(y) = -y**2 - 50*y - 14. Calculate the remainder when k(-47) is divided by 10.
7
Let f(m) = 2*m**2 + 8 - 11*m**2 + 13*m**2 + m**3. What is the remainder when 29 is divided by f(-4)?
5
Suppose 19 + 41 = 3*i + 3*s, 0 = -2*s + 4. Calculate the remainder when 155 is divided by i.
11
Suppose 2*a = 4*q + 204, 428 = 4*a - 14*q + 16*q. Calculate the remainder when a is divided by 58.
48
Suppose 110 = 25*n - 23*n. What is the remainder when n is divided by 23?
9
Suppose -24*g - 231 = -2*p - 29*g, p - 5*g - 93 = 0. What is the remainder when p is divided by 28?
24
Let f be (-5253)/6 + (-2)/(-4). Let t = -1347 - f. What is the remainder when 70 is divided by t/(-20) + (-6)/(-15)?
22
Suppose -4*s = -210 - 26. Calculate the remainder when s is divided by (214/(-535))/((-1)/60) - 3.
17
Suppose -t - 2*t - 18 = 0. Suppose 4*f - 11 = 57. What is the remainder when (-3)/(t/20)*5 is divided by f?
16
Suppose -5*t - 3*k = -28, 5*k = -3*t + 20 - 0. Suppose t + 13 = v. What is the remainder when 51 is divided by v?
15
Suppose -4 = 4*g - 6*g. Let p be (-1)/4 - 4036/(-16). Suppose 0*u - p = -g*u. Calculate the remainder when u is divided by 32.
30
Let b(v) = -5*v + 0 + 2*v - 3. Let s(u) = -u**2 + 7. Let c be s(-3). Calculate the remainder when 10 is divided by b(c).
1
Let o = -186 + 352. What is the remainder when o is divided by (52/(-16))/((-3 + 2)/4)?
10
Suppose -16*r + 282 = -13*r. Let n = -53 + r. Calculate the remainder when n is divided by 14.
13
Let y(r) = 6*r - 7. Let p be y(12). Let l = p + -11. What is the remainder when l is divided by 28?
26
Let n(z) = z - 8. Let r be n(10). Suppose 6*s + 2*o = r*s + 12, -s + 4*o + 21 = 0. Calculate the remainder when (12/s)/((-18)/(-225)) is divided by 11.
8
Suppose -139 = -2*s - 27. What is the remainder when s is divided by (-8 + 124/8)*(-14)/(-7)?
11
Let b = 73 + -18. Let v(r) = -13*r - 50. Let q be v(-3). What is the remainder when 835/b + 2/q is divided by 8?
7
Suppose 3*k + 14 - 5 = 0, 0 = -2*y - 4*k + 352. Calculate the remainder when y is divided by 47.
41
Let z = 591 - 514. Calculate the remainder when z is divided by 16.
13
Let z(j) = j**3 + 8*j**2 + 17*j + 13. What is the remainder when 79 is divided by z(-4)?
7
Suppose -3*p - 64 = -7*p. Suppose 0*i + p = -4*i. What is the remainder when -1 - 0 - -27 - i is divided by 11?
8
Let a = -34 + 9. Calculate the remainder when (-2 + -33)*20/a is divided by 15/(1 + 0/3).
13
Suppose 0 = q - 7*q + 126. Let r = -19 + q. What is the remainder when 102/r + (1 - -2) is divided by 14?
12
What is the remainder when 162 is divided by ((-4)/(-7))/(-13*22/(-29029